4*l - 220, 4*i + 4*l - 212 = 0. Let n be ((-10)/(-4))/(3/i). Suppose -6*d + n = -117. What are the prime factors of d?
3
Let r be (-39)/5 + (-2)/10. Let l(v) = -v**3 - 4*v**2 - 8*v - 12. Let k be l(r). Suppose 3*m = 4*w - k, 2*w + 5*m = -w + 260. List the prime factors of w.
2, 5
Suppose -14524 = -4*m + 4*n, -4*m + 0*n = n - 14534. What are the prime factors of m?
3, 7, 173
Suppose 0 = -5*y + 4*q - 12, 4*q - 5 = -4*y + 7. Suppose -12*b + b = y. Suppose b*o - o = -203. List the prime factors of o.
7, 29
Suppose -31780 = -34*n + 30*n. List the prime factors of n.
5, 7, 227
Let d(h) = h**3 + h**2 + 19. Let i be d(0). Let a = -16 + i. Suppose 0 = -a*y - 5*v + 44, 0 = -y + 4*y + 2*v - 32. List the prime factors of y.
2
Let q(r) = r**3 - 22*r**2 - 20*r - 64. Let g be q(23). Suppose -3*c = -g*k - 39, 4*c + 2*k - 7*k = 52. What are the prime factors of c?
13
Let r = -394 + 397. Let w = 585 - 243. Suppose 33 = -r*d + w. What are the prime factors of d?
103
Suppose -111*p = -116*p + 5*h + 102700, 0 = -p - 3*h + 20512. What are the prime factors of p?
20533
Let f(c) = 36*c - 181. Let d be f(-20). Let t = d - -2222. List the prime factors of t.
1321
Suppose 11*x - 29 = -2*w + 6*x, -2*w - 16 = -4*x. Suppose -u + 1125 = w*a, -4*a - 6*u + 2245 = -5*u. Let f = -353 + a. What are the prime factors of f?
3, 23
Let x(z) = 17205*z**2 - 45*z - 34. List the prime factors of x(-2).
2, 67, 257
Let z(d) = 1190*d + 5820. List the prime factors of z(0).
2, 3, 5, 97
Let f(r) = -2*r**3 + 26*r**2 + 472*r - 100. What are the prime factors of f(-29)?
2, 3, 23, 103
Suppose -4*u = 2*t - 526, 0 = 5*t - 3*t + 5*u - 527. Suppose -12*s - t + 1485 = 0. List the prime factors of s.
2, 3, 17
Suppose -18*p + 17 = -55. Suppose -7*s - 8111 = -5*l - p*s, l - 1636 = -4*s. List the prime factors of l.
2, 7, 29
Let p = -512 - -261. Let k = 226 - p. What are the prime factors of k?
3, 53
Let p be 1 + -1 - (25 + -7) - 0. Let h be (p - -10)*(1 - 19). Suppose 2*a + 4*n - 76 - h = 0, 0 = -2*a - 2*n + 224. List the prime factors of a.
2, 3, 19
Let t(w) = 101*w + 8. Let b(h) = h - 1. Let f(y) = -3*b(y) - t(y). Let v(z) = z - 2. Let i(u) = -f(u) + 3*v(u). List the prime factors of i(2).
3, 71
Suppose 2*j = -3*j + 1880. List the prime factors of -15 + 16 - (-1 - j).
2, 3, 7
Let d = -26 - -31. Suppose 6*p + 3*n - 3 = 2*p, 5*n = -d*p + 5. Suppose p = 2*a + 79 - 117. List the prime factors of a.
19
Let t = -277 + 279. Let r(o) = 11*o**3 - 2*o**2 + 2*o + 2. What are the prime factors of r(t)?
2, 43
Suppose -4*b = -0*b - 12. Let c(d) = -254*d - 33. Let p(u) = -84*u - 13. Let w(j) = 2*c(j) - 7*p(j). List the prime factors of w(b).
5, 53
Let d(u) = -2*u - 2*u**2 + 3*u - 153*u**3 + 3*u**2. Suppose 3*q - 6*q - 1 = j, -3*q - 3*j + 3 = 0. List the prime factors of d(q).
3, 17
Let v be -1 + (-5 - 0 - -94). Let p = v - 85. Suppose -p*y + y = -138. What are the prime factors of y?
3, 23
Let p(f) = -48*f + 371. Let l be p(-21). Let r = -956 + l. What are the prime factors of r?
3, 47
List the prime factors of 20768 - 80/48*9/(-5).
20771
Suppose 1684 + 3464 = 6*z. Let s = 998 - z. List the prime factors of s.
2, 5, 7
Let z(r) = 2*r - 11. Let s be z(9). Let i(f) = 3 - 3 + 19*f + s + 9. List the prime factors of i(3).
73
Let h = 436 - 492. Let p(f) = -f**3 + 2*f**2 + 5*f - 2. Let u be p(-5). Let r = u + h. List the prime factors of r.
2, 23
Suppose -v - f = 393, -v - 3*f = 296 + 103. Let b = 478 - v. List the prime factors of b.
2, 7, 31
Let y(q) = 2*q**3 - q**2 + 5*q - 4. Let t = 43 - 40. List the prime factors of y(t).
2, 7
Let k be (1558/(-10) - (-3)/(-15)) + 3. Let x = 729 + k. List the prime factors of x.
2, 3
Let n be -3 - (-3)/(-9)*2*-12. Suppose n*q = -14 - 211. Let r = 47 + q. List the prime factors of r.
2
Let u(y) = 37*y + 190. Let m be u(-5). Suppose 0 = -3*p + 15. Suppose -3*v + 3*t = -255, p*t = m*v + t - 424. List the prime factors of v.
2, 3, 7
Suppose 33*q = 22*q + 220. Suppose 2*l - 3*i = 741, -q*l + 2*i = -15*l - 1858. List the prime factors of l.
2, 3, 31
Let t = 6 + -7. Let q be (7/(-7))/(t/3). Suppose q*b - 33 = 9. List the prime factors of b.
2, 7
Let h(w) = 32*w**2 + 2*w - 2. Suppose 4*p - 21 = -5. Suppose -5*a + p*a = 1. List the prime factors of h(a).
2, 7
Suppose 21*x - 27*x - 165903 = -9*x. What are the prime factors of x?
17, 3253
Let r(f) = -32*f**2 - 12*f - 23. Let i(u) = 10*u**2 + 4*u + 8. Let y(n) = -8*i(n) - 3*r(n). Suppose 6 = -2*g + 2. What are the prime factors of y(g)?
61
Let j(n) = -160*n + 73. Let g be j(-4). Let b = g + -439. What are the prime factors of b?
2, 137
Suppose -c + 3*l + 112 = -39, 0 = -3*c - 5*l + 383. Let m = c - 108. List the prime factors of m.
2, 7
Let m(f) = -4*f**3 - 84*f**2 + 158*f - 2. List the prime factors of m(-26).
2, 5, 941
Let f(j) = -j + 4. Let s be f(2). Suppose 5*m - 5*o - 2647 + 467 = 0, 1309 = 3*m - s*o. What are the prime factors of m?
19, 23
Suppose 2*u = 4*o - 24, 5*u = -4*o - o. What are the prime factors of (-14031)/(-45) - u/20?
2, 3, 13
Suppose -4*j - 85*j + 1468418 + 410283 = 0. What are the prime factors of j?
11, 19, 101
Let j(v) = -3*v + 18. Let b be j(9). List the prime factors of 2835/b*(-1)/1.
3, 5, 7
Let v be (-8 + 9)/((-3)/(-1461)). Let c = v + -42. Let o = c - 241. List the prime factors of o.
2, 3, 17
Let a(s) = 13*s**2. Let p(r) = r**3 + 8*r**2 - 22*r - 21. Let x be p(-10). List the prime factors of a(x).
13
Suppose 3*z + 1 - 4 = 0. Let u = z + 120. Let s = u + -45. List the prime factors of s.
2, 19
Let l(s) be the third derivative of s**5/6 + s**4/4 + 5*s**3/3 - 10*s**2 - 5. What are the prime factors of l(-8)?
2, 7, 43
Let x = 1467 + -861. Suppose -6*b = -0*b - x. Suppose -4*l + b = -127. List the prime factors of l.
3, 19
Let r(h) be the second derivative of 7*h**4/12 - h**3/3 - 2*h**2 + 20*h. Let q be r(-3). Let i = 88 - q. What are the prime factors of i?
23
Let k = 17 - 7. Suppose -4*n = 20, -2*n - 25 = -k*h + 5*h. Suppose 3*c - h*w = 270, -2*c + 230 = c + 5*w. List the prime factors of c.
5, 17
Suppose -10 = 4*a - 2*l, -l - 9 = 5*a + 7. Let k be (-4)/a*((-508)/(-4) - -2). Suppose 444 = 7*j - k. List the prime factors of j.
2, 11
Let a = -4 + -12. Let m(u) = -17*u + 118. List the prime factors of m(a).
2, 3, 5, 13
List the prime factors of (-16)/44 - (-671490)/(-315)*14/(-33).
2, 113
Suppose -2*u + 43*b - 41*b + 87586 = 0, 0 = -2*u + b + 87587. What are the prime factors of u?
2, 3, 811
Suppose -135*c + 147*c = 0. Suppose -6*v + 7*v - 810 = c. What are the prime factors of v?
2, 3, 5
Suppose -20*y - 30890 = -121*y + 36578. List the prime factors of y.
2, 167
Suppose -361*x + 205977 = -370*x + 785118. List the prime factors of x.
229, 281
Let x = 172 + -168. Suppose 3*c + 3*r = r + 925, -x*c = 5*r - 1224. List the prime factors of c.
311
Let u(w) = -4*w + 5. Let i(q) = -q**2 - 14*q. Let v be i(-14). Let x be u(v). Suppose x*h + 140 = m + 28, -3*h = -15. What are the prime factors of m?
137
Let u(z) = 2 + 0 + z - 2*z + z**2 - 8. Let r be ((-36)/(-32))/((-4)/(-32)). What are the prime factors of u(r)?
2, 3, 11
Let n(t) = 562*t**2 + 384*t - 3304. List the prime factors of n(9).
2, 41, 557
List the prime factors of (-1*(5 + -2))/(6/(-10482)).
3, 1747
Let j be 14 - 10 - (0 + -402*1). Suppose 31*r = 24*r - j. Let g = 98 + r. List the prime factors of g.
2, 5
Let d(p) = 565*p**2 + 201*p - 2205. What are the prime factors of d(10)?
5, 11261
Let o(j) = j**2 + 4*j - 3. Let d be o(-6). Suppose 0 = 3*l + y + 7, 5*l - 4*y + 25 = -d*y. List the prime factors of l - 9*-41*4/12.
2, 61
Let w = -116 + 11. Let i = w - -72. Let k = i + 198. What are the prime factors of k?
3, 5, 11
Let j be 992/6 + (-2)/6. Let s = 340 + -285. Suppose -x = s - j. List the prime factors of x.
2, 5, 11
Suppose -3*b - 1245 = -8*b. Suppose -2*p - 3*x = -3*p + b, 759 = 3*p - 3*x. List the prime factors of p.
3, 5, 17
Suppose 7804*f - 376480 = 7796*f. List the prime factors of f.
2, 5, 13, 181
What are the prime factors of (9 + (-6 - -7) + -11)*(0 + -25928)?
2, 7, 463
Let d be (-344)/(-6)*(0 - -3). Let z = 80 + d. What are the prime factors of z?
2, 3, 7
Suppose 7 = 5*q - 13. Suppose -q*p - 2 - 34 = -w, -w = 5*p - 27. Suppose 242 = w*y - 30*y. List the prime factors of y.
11
Let x = -102 - -1957. What are the prime factors of x?
5, 7, 53
Let z(h) be the thir